
Suppose 3*r = 134 + 4. Suppose -h + 73 = -r. Let n = h + -86. What is the greatest common factor of n and 33?
33
Let w(h) = -3*h**3 + 8*h**2 - 4*h + 13. Let k be w(6). Let l = -126 - k. Suppose 8*v - l = v. What is the greatest common divisor of v and 7?
7
Let l = -13031 + 13040. What is the highest common divisor of 62163 and l?
9
Let f = 13860 - 9975. What is the greatest common factor of 525 and f?
105
Let r be (-12 + (-10 - -23))*1020. Calculate the highest common factor of r and 105.
15
Let g be (8/14)/((18/(-21))/(-3)). Let b(q) = 4*q**2 + q**3 + 3*q**2 + 0*q**2 - 13 + 2*q**g. Let f be b(-7). Calculate the greatest common factor of 34 and f.
17
Let n be (-6323)/(-3) + (-180)/270. What is the highest common factor of n and 86?
43
Suppose -5*u - 635 = -2*t, -3*t + 1068 = -2*u + 143. Calculate the greatest common divisor of 671 and t.
61
Let c(q) = -16*q**2 - 10*q - 58. Let v(o) = -21*o**2 - 9*o - 59. Let p(g) = -4*c(g) + 3*v(g). Let n be p(-9). Calculate the highest common factor of 4 and n.
1
Let j be (11865/(-226))/((-3)/4). Let w = 119 - 63. Calculate the highest common divisor of j and w.
14
Let o(d) = 1051*d - 57. Let x be o(1). Calculate the greatest common divisor of x and 112.
14
Let g = -121 - -121. Suppose -44*v + 35*v + 117 = g. Let s = -29 + 42. What is the greatest common divisor of s and v?
13
Let m(o) be the second derivative of o**4/6 + 7*o**3/6 + 7*o**2 - 3*o + 18. Let d be m(-2). What is the highest common divisor of d and 20?
4
Suppose 7*d - 502 = 4*d - 5*n, -d + 179 = 4*n. Calculate the highest common factor of 106 and d.
53
Let w(s) be the first derivative of 4*s**3/3 + 4*s**2 + 9*s - 37. Let v be w(7). Calculate the highest common factor of 29 and v.
29
Let s be (-2)/(-10) + (5274/10)/3. Suppose 48 = -2*c + s. Suppose -3 = -2*t + 5. What is the highest common factor of t and c?
4
Suppose 4628 = -1526*w + 1527*w. Suppose w = 12*o + 1100. What is the highest common divisor of o and 84?
42
Suppose -3*c = -112*h + 107*h - 1440, -h - c - 288 = 0. Let p = 328 + h. Calculate the greatest common factor of 180 and p.
20
Let f(n) be the third derivative of -n**6/120 - n**5/15 + 19*n**4/24 - 7*n**3/3 + 129*n**2. Let a be f(-9). What is the highest common divisor of 20 and a?
20
Let l(h) = -h**3 + 22*h**2 - 109*h - 14. Let x be l(13). Calculate the highest common factor of x and 6060.
30
Suppose 2*l = -5*v - 43, v - 5 = 2*l + l. Let i be (-3 + v*33)*(-12)/18. Let f = -56 + i. Calculate the highest common factor of f and 40.
20
Suppose 83*q - 2891 + 779 - 1125 = 0. Calculate the highest common divisor of 559 and q.
13
Suppose 9*k - 51 = 12*k. Let v be (19 + k)/(2/(-62)). Let u be v/(-3) - 2/3. What is the greatest common factor of u and 10?
10
Suppose -2*p = -2, 4*n - 4*p - 8 = -36. Let t be 1 - n/(-8) - 12309/(-44). What is the highest common divisor of t and 35?
35
Suppose 1305*b = 1311*b - 96. Let t = 67 + -95. Let c = t - -76. What is the highest common divisor of b and c?
16
Suppose -2*f = -2 - 4. Let g be 6/(-4)*(-3 + (-10)/(-6)). Suppose 20 = g*b + 2*x, 5*b + 0*x - 10 = 5*x. Calculate the highest common divisor of f and b.
3
Let v = -554 + 879. Suppose -v - 65 = -3*i. What is the greatest common divisor of i and 39?
13
Let y be 3/(2/20*3). Let j = 1500 - 906. Suppose 4*c + j = y*c. What is the highest common factor of c and 9?
9
Let y(w) = w + 4. Let l be y(0). Suppose 0 = 7*i - 5*i - l. Let o be (-3*(-15)/54)/((-13)/(-78)). Calculate the highest common divisor of o and i.
1
Suppose 5*f - 295 = 5*m, -4*f + 4745*m - 4747*m + 290 = 0. Let k be -16*(1 - 20) - -2. Calculate the greatest common divisor of k and f.
34
Suppose -26*g = -15*g - 198. Suppose g*q + 33 = 2463. What is the greatest common factor of q and 6?
3
Let n = -16 - -18. Let v be (-5)/(50/(-1435)) - (-2)/4. Let d = v + -141. Calculate the highest common factor of n and d.
1
Suppose 0 = -4*h - 209 + 873. Suppose 4*q = 2*q - 2*j + h, 0 = q - 5*j - 65. Suppose -224 = 8*i - 15*i. What is the highest common divisor of i and q?
16
Let k(r) = 68*r**2 + 20*r - 47. Let s be ((-8)/(-4) + -5)/((-3)/4). Let v be k(s). What is the highest common divisor of 59 and v?
59
Suppose 0 = 3*g - 5*g + 4*t + 284, 4*g - 4*t - 548 = 0. Let k = -4512 + 4556. What is the highest common divisor of k and g?
44
Suppose x = -3*i + 3662, 4*i - 4060 - 821 = -x. Let l = i - 871. What is the highest common factor of 12 and l?
12
Suppose -3*y - n = -2*n - 10, -8 = 2*n. Suppose -y*d = -3*d + 2. Suppose -d*u + 7*u = p - 13, u = -4*p + 10. Calculate the highest common factor of 24 and p.
3
Let u(p) = 11*p**2 - 4*p + 1. Let y be u(4). Let f(l) = 3 - 2*l - 11*l**2 + 6 - l**3 + 4 - 9*l. Let i be f(-10). Calculate the highest common factor of i and y.
23
Let c = 24197 - 23717. What is the greatest common factor of 500 and c?
20
Suppose y - 235 = 4*f, 5*f = -2*y + 182 + 275. Suppose 562 - 121 = 21*j. What is the greatest common divisor of y and j?
21
Suppose 53*f - 358 = 36*f + 390. Let w(l) = l**3 - 3*l**2 - 6*l - 6. Let y be w(6). Calculate the highest common divisor of y and f.
22
Let m be (-2690)/(-11 + 6)*1. Let r = 7 + -7. Suppose 4*z + 372 = 2*t, -3*t + m = -r*t + 4*z. What is the greatest common divisor of t and 26?
26
Let k(w) = 13*w - 118. Let y be k(19). Let o = y - -57. Calculate the greatest common factor of o and 62.
62
Suppose -4*w - 40 - 17 = -3*h, 3*w = -5*h + 66. Suppose -8 = 7*q - 78. What is the highest common divisor of h and q?
5
Let j(l) = l + 12. Let c be j(-13). Let m be ((-653)/(-5) - c) + (-310)/(-775). Calculate the greatest common divisor of m and 88.
44
Suppose 58 = 5*m + 4*w, 7*w - 2*w = -15. Calculate the highest common factor of m and 133.
7
Suppose -5*s = 5*x - 2165, -5*x + 239 + 186 = s. Suppose -135 = -5*c + s. Calculate the highest common factor of c and 38.
38
Let d = -183 + 603. Suppose -15*a - 5*a = -d. What is the greatest common divisor of 357 and a?
21
Let g = -43 - -73. Let u = -29 + g. Suppose 3*f - 4*s = -u, -3*f = -0*s + s - 19. What is the greatest common divisor of 55 and f?
5
Let y(r) = r**3 + 10*r**2 + 5*r - 11. Let u be y(-8). Let t(x) = 17*x + 57. Let v be t(-29). Let i = 447 + v. Calculate the greatest common divisor of i and u.
11
Suppose -h - 77 = -2*h - 3*b, b = 3*h - 271. What is the greatest common divisor of h and 6497?
89
Let b(v) = v**2 + 320*v - 2588. Let a be b(8). Suppose 40 = 4*u - 4. Suppose -2*n + 47 = u. What is the highest common divisor of n and a?
18
Let x = -10 - 30. Let y be (2/(-4))/(165/x + 4). Let a be (-6)/9*(-18)/y. Calculate the highest common divisor of 24 and a.
3
Let g = 1695 - 1560. What is the highest common divisor of g and 35?
5
Let v(y) = -2*y**2 + 13*y + 3. Let b be v(6). Suppose 19*r = b*r + 10990. What is the highest common divisor of 7 and r?
7
Let a be 7/(56/32) + -12. Let y be 76980/225 + a/60. What is the greatest common divisor of y and 72?
18
Let j = 185 + -185. Suppose 2*r + 197 = 5*h + 5*r, j = -2*h + 2*r + 66. What is the highest common factor of h and 37?
37
Let g be (0 + -33 - 2)*(-181 - -44) + 5. Calculate the highest common divisor of g and 36.
12
Let v = 11620 + -11564. Calculate the greatest common factor of v and 4046.
14
Let u(h) = -h**2 - 71*h - 985. Let g be u(-27). What is the greatest common divisor of g and 49?
7
Suppose -z = d - 4*z - 66, -4*d - 4*z = -328. Suppose -50*x = -47*x - d. Calculate the greatest common divisor of x and 234.
26
Suppose 2445*j - 2457*j = -264. What is the greatest common divisor of 4169 and j?
11
Let l be 28/8 - (1/(-1))/2. Suppose -l*m = -0*q + q - 41, m - 15 = -5*q. Let c(z) = 3*z - 9. Let s be c(m). Calculate the highest common factor of s and 126.
21
Let t = 28 + -31. Let h(w) = -4*w - 10. Let a be h(t). Suppose 0 = r + a*y - y - 188, -5*r - y = -936. What is the greatest common factor of r and 17?
17
Suppose -29*j + 9*j + 4320 = 0. Let v be 0 + 7 - 1/(4/(-4)). Calculate the highest common factor of j and v.
8
Let c(o) be the first derivative of o**3/3 - 5*o**2 - 15*o + 59. Let u be c(12). Calculate the greatest common factor of 198 and u.
9
Let w be (-41 - -3)*2095/(-10). What is the greatest common factor of w and 38?
19
Let c(j) = -j**3 + 15*j**2 - 15*j + 16. Let h be c(14). Suppose -4*o + o + 1138 = -h*x, 2*x - 366 = -o. Calculate the greatest common fact